e 2 + -11 - (2 + -6).
-5
-3 + 6 + (1 - 1)
3
What is 1 - (5 + -4) - (-2 + -1)?
3
What is the value of -1 + (-9 - -4 - -5)?
-1
What is -1 + -3 + 1 + 9 + -7?
-1
1 - (2 + -5 - -1)
3
Calculate -4 + 1 + 1 + 6.
4
Calculate -8 + (7 - -9) - 8.
0
What is the value of 1 + 0 + -4 + (-18 - -21)?
0
What is 20 + -27 - (2 + 0 - 7)?
-2
What is 0 + 3 + 1 - -3?
7
What is 86 + -83 + (2 - (1 - -1))?
3
What is 2 + 3 + (-2 + -2 - 0)?
1
Evaluate (-4 - 0) + (-3 - 8 - -8).
-7
What is -8 - (-8 + 17 + -10)?
-7
Calculate -1 + 1 - ((-1 - 9) + 11).
-1
What is -1 + 2 - (2 - -3)?
-4
Evaluate (-5 - -5) + 0 + (-1 - -6).
5
Evaluate -3 + (-1 + -3 - -6) + 2.
1
Evaluate 1 + -1 + 5 + -1 - 4.
0
What is the value of -13 + 0 + (80 - 73)?
-6
-2 - ((2 - -1) + -12)
7
What is -3 + (14 - (-4 - -6))?
9
Calculate -7 + (10 - 4) + 0 + 1.
0
-1 + -1 - (4 - (6 + 3))
3
What is (-1 - -1) + (-18 - -14) + -1?
-5
Evaluate -10 - (4 + -7 - 6).
-1
-1 + -4 - -1 - -2
-2
Calculate (-4 - -4 - -1) + 0 + -3.
-2
Calculate 1 + (-2 - 5 - -3).
-3
Calculate -5 + 11 - (5 + 4).
-3
Evaluate (1 - 1) + 1 + (79 - 78).
2
4 - (9 + -3) - -8
6
Calculate 6 - (-5 - (-4 - 6)) - 5.
-4
Calculate -4 - (-3 + 0 - 3).
2
Calculate -5 + 2 + -9 + 10.
-2
Calculate (-2 - -6) + 0 + -7.
-3
What is the value of 1 + 9 + 5 + -7 + -4?
4
What is -6 + -3 + 13 + -1?
3
(-6 - -4) + (7 + 0 - 3)
2
Calculate 3 + (-2 - 0 - -3).
4
What is the value of 1 + -5 - (-8 + -1)?
5
What is 1 + (0 - (-4 + 6))?
-1
What is 5 + -12 + (-10 - -13)?
-4
Evaluate 1 - (0 + 9) - -6.
-2
5 - (2 - (-4 - (4 - 8)))
3
What is -1 - -13 - (52 - 46)?
6
What is the value of 15 + -5 + -6 + -6?
-2
What is 9 - 1 - ((6 - -2) + -4)?
4
-3 - (0 - (-6 + 0 - -3))
-6
What is the value of -1 - (6 - (3 + 2))?
-2
Evaluate -6 + 16 + -15 - 3.
-8
Calculate 1 - (3 + -4) - 5.
-3
What is the value of -6 - (-8 + 17 - 11)?
-4
-11 - -8 - (-3 - 1)
1
(3 + -2 + 1 - 1) + -4
-3
What is 12 - (-5 - -4) - 5?
8
(-1 - 0 - 1) + (-2 - -5)
1
What is the value of -5 + 0 - (0 + 2)?
-7
What is the value of 11 + -13 - (1 + 0)?
-3
What is -2 - ((3 - 0) + -6)?
1
What is -3 + 3 - (-6 + 2 - -2)?
2
Calculate 3 - (-1 + 3 + 2).
-1
What is the value of (-2 - -5) + (-3 - 4) + 0?
-4
Evaluate (1 - 3) + 0 + 5.
3
Evaluate -4 - -1 - (62 - 60).
-5
What is the value of (0 - 8) + 1 + 11?
4
Calculate 2 + -5 - ((3 - -4) + -12).
2
Evaluate -3 + 3 + 0 + 2 + 3.
5
-2 - 2 - (1 - 4) - 0
-1
What is -3 + 4 + 0 + (-4 - -2)?
-1
Calculate -11 - (-14 - -5) - -4.
2
What is the value of -5 + (10 - ((7 - 4) + 2))?
0
-13 - (-11 - (-4 + -1))
-7
What is 15 - 13 - (-1 + 2) - -1?
2
Calculate -3 + 2 + (-1 - 1).
-3
What is the value of 7 - (3 + (1 - (-4 - 0)))?
-1
0 - (-1 + -4 + 6)
-1
Calculate -9 - -34 - 9 - 8.
8
What is 2 + 2 + -1 - (2 + 5)?
-4
2 + 0 - (0 + 1) - -6
7
What is -1 - (2 + 2 - 9 - -1)?
3
(-5 - (0 + -6)) + 2
3
Calculate 10 + -1 + -9 - (3 + -1).
-2
Calculate -1 + 2 - (6 + 2) - -6.
-1
Calculate 2 - -6 - (-109 + 116).
1
What is the value of 1 - (-8 + 6 - -9)?
-6
Calculate -6 + 4 - (-14 + 7).
5
What is the value of (-4 - (6 - 7)) + (-2 - -5)?
0
Calculate 9 + (25 - 10) + -20.
4
What is 9 + (-4 + 3 - 3)?
5
What is the value of -4 + ((2 - -6) + -5 - 0)?
-1
What is the value of (2 - 3) + (3 - 8)?
-6
0 + (3 + 1 - (-39 + 46))
-3
What is the value of 4 + (-2 - (4 - 8)) + -4?
2
Calculate 1 + -3 + 2 + -2.
-2
What is -6 + 1 + 6 + -17 + 13?
-3
Evaluate -7 + (-7 - (-18 - 2)).
6
What is (1 - 5) + (44 - 43)?
-3
0 - (-1 + (-3 - (-3 + 0)))
1
What is the value of -2 + (13 - (-6 - -20))?
-3
What is the value of 1 + -4 + 1 - (-19 - -17)?
0
What is (-2 - -8) + -4 - 2?
0
Evaluate (-20 - -20) + 2 + 1.
3
Calculate -4 - ((2 - -1) + (-19 - -16)).
-4
What is the value of 3 + -7 - (1 - 2)?
-3
Calculate (3 - (1 + 2)) + -3 + 1.
-2
Evaluate -4 - (10 + -4 + -14).
4
1 + 4 - (72 + -74)
7
Evaluate 1 - 0 - (-4 + 5).
0
-1 - (8 - (5 + 2))
-2
What is -5 - ((-12 - 1) + (-57 - -56))?
9
Evaluate -6 - (-13 + 3 + (0 - 4)).
8
Evaluate 6 + 2 - (31 + -20).
-3
Calculate -4 + (-7 - -3 - -3).
-5
What is -13 + 10 + -8 - -17?
6
Evaluate -1 - (1 + (-6 - -1)).
3
What is the value of 3 - (-1 - 0 - (1 - 1))?
4
(5 - 5) + 1 + 6 + -2
5
What is 3 - (1 + 1 + 2)?
-1
What is -1 - -1 - (10 + 2 + -8)?
-4
(-3 - (-3 + -1)) + 0
1
Evaluate 16 + -19 - ((-9 - -2) + -1).
5
1 + -2 - 0 - (-22 + 18)
3
What is -4 - -1 - (-4 + -3) - 3?
1
-3 + 0 + 10 + -7
0
What is the value of -1 - ((10 - -1) + -11 + 5)?
-6
Calculate -9 + (2 - 5) + 6 + -4.
-10
Evaluate 8 + 4 + 7 + -18.
1
Evaluate -6 - (3 + (1 - 6) - -6).
-10
Evaluate (8 - 6 - 3) + -2.
-3
120 + -121 - (0 - (0 - -8))
7
Calculate -14 - (-2 - 1) - -8.
-3
Evaluate -1 - (-1 + -4 + 6).
-2
Calculate 0 - (1 - (12 + -7)).
4
Evaluate 1 + 6 + 10 + -10.
7
Calculate -2 - (-5 + (6 - 3)).
0
1 + -12 - (-4 - 3)
-4
What is (-4 + 5 - -5) + -2 + 0?
4
What is the value of -6 - (2 + -5) - (-11 + 4)?
4
What is the value of (-3 + 4 - 4) + -2?
-5
What is -11 + 4 + (1 - -1) + 2?
-3
What is 3 + (7 + -9 - 2)?
-1
Calculate -3 - (-6 + (-6 - -7)).
2
0 + -10 + 14 + -8
-4
Evaluate (16 - 9) + -9 - 1.
-3
Evaluate (0 - 3) + (161 - 165).
-7
Calculate (-1 - -5 - (3 - 0)) + -5.
-4
Calculate 5 + -1 + -5 + 4.
3
What is the value of -7 + 6 + -3 + 0 + 3?
-1
What is (-5 - -1) + (-2 - 4) + 3?
-7
Evaluate 0 - ((-2 - -1) + -3 + 4).
0
What is -4 + -1 + 0 + 2?
-3
Calculate 3 + 1 - 2 - 3.
-1
What is 0 + 3 + -10 + -8 + 24?
9
What is the value of 5 + (-1 - 3) + -8 + -1?
-8
Calculate (-12 - -7) + (-2 - -14) + -3.
4
-3 + (3 + -2 - -4)
2
What is the value of 2 - (-3 + -4) - 0 - 6?
3
What is (-3 - -3) + (-4 - -3 - -7)?
6
-5 - -9 - 7 - (2 + -9)
4
Calculate 15 + -4 - (-10 - -25).
-4
Evaluate -4 + -1 + (2 - -6).
3
-6 + (0 - 7) + 6
-7
What is the value of -1 - (0 - -1) - (31 - 39)?
6
Calculate (1 - 1 - 0) + (202 - 200).
2
Evaluate 2 + (-4 - -3) - -4.
5
What is the value of 13 - 6 - (-2 - -2)?
7
Calculate 0 - -5 - 4 - -1 - -8.
10
What is (3 + -7 - (-9 - -12)) + 3?
-4
-10 + 1 + (2 - -5)
-2
What is -3 + 6 + (1 - -1)?
5
What is the value of -2 - -3 - (1 - -3)?
-3
What is the value of 1 - 4 - (-11 + 5)?
3
Evaluate -2 + (5 - (5 + -4)).
2
Evaluate 1 - (3 - 6 - -4).
0
Evaluate 8 - 0 - 3 - (0 - 0).
5
What is the value of (-2 - 4) + (-3 - -9) + -4?
-4
2 + 38 + -38 + -2 + -1
-1
(4 - (-4 - -2 - -6)) + -1
-1
Evaluate -1 + -2 + -4 + 7.
0
What is the value of (1 - -2) + 4 + -3 - 2?
2
Calculate 0 + 2 + 2 + -1.
3
1 + 1 - -5 - (-14 + 28)
-7
8 + (1 - -3) + 1 + -7
6
What is the value of 4 + (-5 - -7) + -5?
1
Evaluate 5 + -13 + -3 + 9 + 9.
7
Calculate 3 + 6 + -6 + -1.
2
What is 4 - (12 + (-14 - -8))?
-2
What is 0 + 7 + 0 + -4?
3
Calculate -6 - -7 - 6 - 1.
-6
What is 8 + 2 + -1 + (-11 - -10)?
8
Evaluate -1 + 8 + -5 + -3.
-1
What is the value of 13 + -7 + -1 + -5?
0
What is the value of -2 - (-4 - (-1 + -6)) - -3?
-2
What is 1 + -5 - (-2 + 2)?
-4
What is 4 + (2 + -3 - (6 - 10))?
7
Evaluate (-2 - -5) + (6 + -4 - 10).
-5
What is the value of 4 + -1 + (-11 + 3 - -7)?
2
Calculate 0 + 0 - (4 - -2).
-6
Calculate -1 - (-4 + 0 - -3).
0
What is the value of (14 - 1) + -7 + -8 + 2?
0
What is the value of (-17 - -12) + 2 + -1?
-4
Evaluate -3 + 5 + (0 - 1) + 3.
4
Calculate 4 + (2 - ((-8 - -4) + 15)).
-5
What is 6 + (-1 - (2 - -1)) + -7?
-5
What is the value of -1 - (-3 - -5 - 2)?
-1
What is the value of -4 + 3 + 12 - (2 + 3)?
6
(-4 - (-8 - 1)) + 0
5
What is 11 - 1 - (-80 - -99)?
-9
Calculate (0 - (0 + -2)) + -4.
-2
Evaluate 7 + -3 + (-9 - -5 - 2).
-2
0 - -2 - ((3 - 2) + 0)
1
-9 + (5 + -6 - -4)
-6
Evaluate (2 - -2 - (1 + -3)) + -11.
-5
What is (3 - 8 - (16 + -13)) + -1?
-9
Evaluate (-1 - (-1 + -5) - 1) + -4.
0
17 + 1 + 1 + (4 - 13)
10
-1 - (-2 + 2) - -1
0
7 + -5 + 2 - 4
0
What is (-24 - (-4 - 8)) + 6?
-6
Calculate (-2 + -2 + 5 - 0) + 5.
6
What is the value of (-2 - (-2 - 5)) + 3?
8
9 + -8 + 6 - (4 + 5)
-2
Evaluate 2 + -3 - (2 - 2).
-1
What is the value of 4 + 0 - (-8 + 9 - 3)?
6
Evaluate 6 + (-12 - (-9 + 8)).
-5
What is 6 + 5 - (-4 - -16)?
-1
Calculate 1 + -2 - (13 - 10).
-4
Evaluate (21 - 18) + -1 + -3.
-1
What is 11 - 8 - (1 + (7 - 11))?
6
What is the value of -10 + 0 - (34 - 40)?
-4
Calculate (9 - 13) + -2 + -9 - -6.
-9
(0 - (-2 + 2)) + (2 - 2)
0
What is (-4 - (-1 + 7)) + 9?
-1
What is the value of 2 + (1 - -7) + -4 + -6?
0
What is the value of -1 + -7 - (-5 - (-3 - -2))?
-4
Calculate -18 + 27 + (-6 - -1).
4
(2 - 0) + -4 - (2 - -1)
-5
(-7 - -2) + 12 + (-5 - -2)
4
Ca